{"id":2620,"date":"2019-12-11T18:11:46","date_gmt":"2019-12-11T16:11:46","guid":{"rendered":"http:\/\/www.elsomniproduccions.com\/events\/la-malcontenta-2-copy\/"},"modified":"2020-01-13T14:05:42","modified_gmt":"2020-01-13T12:05:42","slug":"la-malcontenta-2-copy","status":"publish","type":"mec-events","link":"https:\/\/www.elsomniproduccions.com\/es\/events\/la-malcontenta-2-copy\/","title":{"rendered":"La Malcontenta"},"content":{"rendered":"<p>Basada en la novela hom\u00f3nima de Sebasti\u00e0 Alzamora, La Malcontenta cuenta la historia de una mujer de principios del siglo XIX que est\u00e1 condenada a un futuro en el que podr\u00e1 tomar muy pocas decisiones, ya que las toma su padre por ella, y despu\u00e9s, en un futuro, su marido. Pero Ant\u00f2nia Suau decide romper con todo y se hace due\u00f1a de su destino, una decisi\u00f3n muy importante y poco com\u00fan en su \u00e9poca. \u00abEn La Malcontenta, la luz y la oscuridad luchan continuamente para imponerse una sobre la otra, su viaje emocional es un viaje te\u00f1ido de amor y de dolor\u00bb, explica el director, Jos\u00e9 Martret. Explica que Joan Dur\u00ed, el bandolero que realmente existi\u00f3 y que aterriz\u00f3 en el sur de Mallorca, funciona en la narraci\u00f3n como el elemento que altera la vida de Ant\u00f2nia y la llamada a la aventura: \u00ab\u00c9l es quien acciona la liberaci\u00f3n de la Malcontenta, por \u00e9l abandona la vida que hasta el momento hab\u00eda conocido y se lanza a una aventura en la que la libertad y la violencia son las protagonistas \u00ab.<\/p>\n","protected":false},"excerpt":{"rendered":"<p>Basada en la novela hom\u00f3nima de Sebasti\u00e0 Alzamora, La Malcontenta cuenta la historia de una mujer de principios del siglo XIX que est\u00e1 condenada a un futuro en el que podr\u00e1 tomar muy pocas decisiones, ya que las toma su padre por ella, y despu\u00e9s, en un futuro, su marido. Pero Ant\u00f2nia Suau decide romper&#8230;<\/p>\n","protected":false},"author":1,"featured_media":1781,"comment_status":"closed","ping_status":"closed","template":"","tags":[],"mec_category":[72,99],"class_list":["post-2620","mec-events","type-mec-events","status-publish","has-post-thumbnail","hentry","mec_category-funcion-destacada","mec_category-funcion"],"acf":[],"_links":{"self":[{"href":"https:\/\/www.elsomniproduccions.com\/es\/wp-json\/wp\/v2\/mec-events\/2620","targetHints":{"allow":["GET"]}}],"collection":[{"href":"https:\/\/www.elsomniproduccions.com\/es\/wp-json\/wp\/v2\/mec-events"}],"about":[{"href":"https:\/\/www.elsomniproduccions.com\/es\/wp-json\/wp\/v2\/types\/mec-events"}],"author":[{"embeddable":true,"href":"https:\/\/www.elsomniproduccions.com\/es\/wp-json\/wp\/v2\/users\/1"}],"replies":[{"embeddable":true,"href":"https:\/\/www.elsomniproduccions.com\/es\/wp-json\/wp\/v2\/comments?post=2620"}],"wp:featuredmedia":[{"embeddable":true,"href":"https:\/\/www.elsomniproduccions.com\/es\/wp-json\/wp\/v2\/media\/1781"}],"wp:attachment":[{"href":"https:\/\/www.elsomniproduccions.com\/es\/wp-json\/wp\/v2\/media?parent=2620"}],"wp:term":[{"taxonomy":"post_tag","embeddable":true,"href":"https:\/\/www.elsomniproduccions.com\/es\/wp-json\/wp\/v2\/tags?post=2620"},{"taxonomy":"mec_category","embeddable":true,"href":"https:\/\/www.elsomniproduccions.com\/es\/wp-json\/wp\/v2\/mec_category?post=2620"}],"curies":[{"name":"wp","href":"https:\/\/api.w.org\/{rel}","templated":true}]}}

<p>Basada en la novela homónima de Sebastià Alzamora, La Malcontenta cuenta la historia de una mujer de principios del siglo XIX que está condenada a un futuro en el que podrá tomar muy pocas decisiones, ya que las toma su padre por ella, y después, en un futuro, su marido. Pero Antònia Suau decide romper con todo y se hace dueña de su destino, una decisión muy importante y poco común en su época. «En La Malcontenta, la luz y la oscuridad luchan continuamente para imponerse una sobre la otra, su viaje emocional es un viaje teñido de amor y de dolor», explica el director, José Martret. Explica que Joan Durí, el bandolero que realmente existió y que aterrizó en el sur de Mallorca, funciona en la narración como el elemento que altera la vida de Antònia y la llamada a la aventura: «Él es quien acciona la liberación de la Malcontenta, por él abandona la vida que hasta el momento había conocido y se lanza a una aventura en la que la libertad y la violencia son las protagonistas «.</p>

<p>Basada en la novela homónima de Sebastià Alzamora, La Malcontenta cuenta la historia de una mujer de principios del siglo XIX que está condenada a un futuro en el que podrá tomar muy pocas decisiones, ya que las toma su padre por ella, y después, en un futuro, su marido. Pero Antònia Suau decide romper&#8230;</p>
